- 2. What is z(-9)?
-1
Let q(v) = v**2 + 32 + 31 + 25 - 87 + v. Let r = 0 + -3. What is q(r)?
7
Let s(x) be the first derivative of -13*x**2/2 - 11*x - 20. Let t(c) = 6*c + 5. Let i(f) = 4*s(f) + 9*t(f). Calculate i(1).
3
Let t(q) be the second derivative of q**7/2520 - q**6/144 + q**5/120 + q**4/4 - 11*q. Let s(u) be the third derivative of t(u). Determine s(6).
7
Let k(d) = d**3 - d**2 + 2*d - 2. Let w(g) = 5*g - 5. Let v be w(5). Let b be ((-12)/10)/((-3)/v). Suppose 0*t - 5*s + 2 = t, b = 4*t + 5*s. What is k(t)?
6
Let r(p) be the first derivative of -4*p**3/3 - p**2/2 + 4*p - 52. Let t(d) = d**2 - 1. Let g(f) = r(f) + 2*t(f). Give g(2).
-8
Let z = 13 - 9. Let p(l) = 2*l - 3. Let i(f) = f - 4. Let g(c) = z*i(c) - 3*p(c). Give g(5).
-17
Let i(m) = -2*m - 1. Let d = -17 + 18. Let o be 1*((-24)/(-3) + -3) - d. What is i(o)?
-9
Let k be (24/18)/(2/(-6)) - -24. Let x(p) = -5*p - k - 12 + 33. What is x(6)?
-29
Let b(s) be the first derivative of 1/4*s**4 + 5/3*s**3 - 7*s + 4 - 1/2*s**2. Determine b(-5).
-2
Let a(f) be the third derivative of f**5/60 + 13*f**4/24 + 5*f**3/3 + 10*f**2 - 4. Calculate a(-12).
-2
Let g(w) = 23*w - 109. Let o(s) = -5*s + 21. Let p(f) = -2*g(f) - 11*o(f). Give p(3).
14
Let m(l) = -l**2 + 7 + 3*l**2 + 10*l - 1 - 4*l. Let g(o) = -3*o**2 - 7*o - 6. Suppose -7 - 1 = -2*t, 3*t + 8 = -5*x. Let a(c) = x*m(c) - 3*g(c). Calculate a(5).
4
Let w(x) be the first derivative of -x**3/3 - 15*x**2/2 - 17*x + 47. Calculate w(-13).
9
Let v(d) = -11*d**2 + 1. Let u = 27 - 26. Suppose 0 = q - u. Calculate v(q).
-10
Let h(y) be the third derivative of y**6/120 - y**4/12 + y**3/6 + 116*y**2 + 1. Let n = -2 + 3. Calculate h(n).
0
Let w(g) = -5*g**2 + 14*g. Let h(d) = -d**2 + d + 1. Let q(m) = -6*h(m) + w(m). Suppose -171 = 140*x - 121*x. Determine q(x).
3
Let j(c) = -c**2 + 4*c - 8. Let b be j(2). Let s(k) = k**2 + 7*k + 7. Give s(b).
-5
Let c be 163 - 0 - (-7)/(42/(-24)). Let z(u) = 74 - c - 3*u + 80. Calculate z(6).
-23
Let v(c) = 2*c + 10. Let k be v(-9). Let j be 2/(4/k - -1). Let f(x) = -j*x + 6 + 1 - 6. Give f(1).
-3
Let t(o) = -3*o**2 - 72*o - 247. Let x be t(-20). Let s(y) be the third derivative of -y**6/120 - 7*y**5/60 + y**4/24 + 5*y**3/6 + 2*y**2. Determine s(x).
-2
Let q(m) = -5*m + 4. Let y(d) = -4*d**2 + 5*d + 1. Let w(k) = -7*k**2 + 11*k + 3. Let a(b) = 3*w(b) - 5*y(b). Let p = -11 - -19. Let x be a(p). Determine q(x).
-16
Let f(p) = 12 + 9 + 13*p - 8 - 14*p. Give f(12).
1
Let f(i) be the first derivative of -i**2/2 - 12*i + 1. Suppose -33 - 27 = 12*m. Determine f(m).
-7
Let m(z) = 13*z. Let j(r) = 10*r - 45. Let a(p) = -5*p + 23. Let l(h) = -7*a(h) - 4*j(h). Let s be l(4). Give m(s).
-13
Let g(l) = l**2 + 8*l + 4. Let t(c) = c**3 + 5*c**2 + 6*c + 2. Let b = 33 + -37. Let y be t(b). What is g(y)?
-8
Let s(n) = 2*n**2 - 6*n + 10. Let b be s(2). Let q(r) = 3*r - 14. Determine q(b).
4
Suppose 2*d - 5*d = -6. Suppose 0 = -2*c - d*c + 68. Let q(b) = -17 + 7*b**3 + c + b**2. What is q(-1)?
-6
Let m be (-2)/(-4)*(1 - 1). Let h(f) = 1 - 1 + m - f. Suppose 22*p = 24*p. Give h(p).
0
Let l = -1 - 5. Let z(q) = 4*q + 418 - 2*q - 412. Give z(l).
-6
Suppose 4*v = 4*j + 28, 4 = 3*v - 5. Let k(x) = -2*x**2 - x + 4. Let m(z) = 2*z**2 - 5. Let n(u) = j*k(u) - 3*m(u). Let y be (-3 - -1*2) + -2. Determine n(y).
5
Let v(h) = -21*h + 3. Let b = -792 - -791. What is v(b)?
24
Let h(y) be the third derivative of -y**9/6720 + y**8/20160 + 7*y**5/30 + 4*y**2. Let c(j) be the third derivative of h(j). Give c(1).
-8
Let a(d) = 2 - 14*d - 8 + 4 + 3 + 36*d. Give a(1).
23
Let z(d) = -d**3 + 6*d**2 - 4*d + 4. Let v(s) = -3*s - 13. Let x be v(-6). Suppose 6 + 22 = 4*w - 4*t, -x*w + 33 = -4*t. Determine z(w).
9
Let y(j) = -j**3 - 24*j**2 + 22*j - 61. Let w be y(-25). Let p(r) = -14*r**2 + 2*r - r + w*r**2 - 2*r**2 - 11*r**3. Calculate p(1).
-12
Let p(t) be the second derivative of 13*t**8/6720 + t**5/120 - 2*t**4/3 - 2*t. Let q(i) be the third derivative of p(i). Determine q(1).
14
Let x(o) = -o**3 - o**2 + 4*o - 3. Suppose 202 = -16*r + 234. Determine x(r).
-7
Let u(a) = a**2 + 17*a + 10. Let i be u(-16). Let k be (-18)/4*(-8)/i. Let y(j) = j**2 + 7*j + 2. What is y(k)?
-4
Let z(q) = 3*q**3 + 12*q**2 + 7*q. Let h(d) = 4*d**3 + 14*d**2 + 7*d - 2. Let g(j) = 4*h(j) - 5*z(j). What is g(6)?
22
Let w(a) be the first derivative of a**3/3 - 2*a**2 - 2*a - 4. Let f = -24 + 28. Determine w(f).
-2
Let v(n) = -39*n - 1. Let w be (78/(-21) - -3) + (-36)/126. What is v(w)?
38
Let o(g) = -3*g**2 + 16 + g**3 - 21 - 2*g + 8 - g**2. Determine o(4).
-5
Suppose 27 = -3*a + 7*q - 10*q, -3*q = 5*a + 35. Let g(y) = -y**2 - 7*y - 5. What is g(a)?
7
Let s be -3 - (-3 + -2) - 9. Let l = 13 + s. Let w = l - 4. Let o(c) = -2*c**3 + 4*c**2 - c - 2. Give o(w).
-4
Let x be 1 - 2 - (-8 - -4). Suppose -6 = x*r + 3*z, 4*z + 8 = 5*r - r. Let a(h) = h - 3. Calculate a(r).
-3
Let l(x) = -7*x**2 + 4*x**2 + 329 - 98 - 115 - 117 - x**3 - 3*x. Suppose 5*r = r - 12. Determine l(r).
8
Let p(y) = -y**3 + y**2 + 5. Suppose 2*x + x = 0. Suppose 5*h - 8 = -3*b, x*b + 2*b - 16 = 2*h. Let w be (-1)/4 - b/(-24). What is p(w)?
5
Let p(h) be the second derivative of h**5/20 + h**4/4 - 2*h**3/3 - 3*h**2/2 + 37*h + 5. Determine p(-4).
-3
Let u(k) = -k**3 - k**2 - k - 2. Suppose a - p = 2, p + 2 = 2*a - 2*p. Suppose 4*i + 24 = -a*z, 5*z - i - 3 = -9. Determine u(z).
4
Let x(i) = -3*i + 2. Let g = 38 - 18. Suppose -5 = 3*w - g. Calculate x(w).
-13
Let n(b) = b**2 - b - 1. Let r(t) = 4*t - 5*t**2 + 0*t - 10 + 6*t**2 + 3*t**2. Let w(o) = -3*n(o) + r(o). Let j = -13 + 5. What is w(j)?
1
Let c(r) = -r**2 - 2*r + 2. Let q = -52 - -48. Let h be 2/(-8) - (-11)/q. Give c(h).
-1
Let q(x) be the first derivative of x**4 + 5*x**3/3 + x**2 + 82. Give q(-2).
-16
Let y(d) be the first derivative of -5*d**2/2 + d - 23. What is y(6)?
-29
Let h(y) be the second derivative of y**3/6 - 2*y. Let d be -31 + 8 + (2 - 1). Let p = 21 + d. What is h(p)?
-1
Let b(w) = 0 - 1 - 5*w + 4*w + 0*w. Let l be b(-7). Let q(f) = f + 2. Determine q(l).
8
Let x(p) = p**3 + 4*p**2 - 7*p - 1. Let l = 48 - 48. Suppose l = -19*j + 17*j - 10. Determine x(j).
9
Let g = -15 + 11. Suppose -j - 4 = -0*j. Let n = g - j. Let h(y) = -y + 8. Give h(n).
8
Let k(n) = n - 10. Let p be k(13). Let c(v) = 2*v**2 + 5*v - 18. Let r(s) = s**2 + 3*s - 9. Let g(m) = p*c(m) - 7*r(m). What is g(-7)?
2
Let w(r) = 9*r**2 - 82*r + 16. Let y be w(9). Let i(b) = 4*b - 19. Calculate i(y).
9
Let d = 374 + -382. Let y(j) = -j**2 - 8*j - 10. Calculate y(d).
-10
Let z(l) = 3*l**2 - 19*l - 117. Let t(o) = -2*o**2 + 13*o + 78. Let v(i) = 8*t(i) + 5*z(i). Determine v(13).
-13
Let j be (4/24 - 2/(-4))*6. Suppose 0 = -c + j*c - 6. Let d(n) = n**3. Give d(c).
8
Let n(l) be the third derivative of l**4/8 + l**3/2 - 4*l**2 + l. Determine n(-8).
-21
Let j(b) be the third derivative of b**4/24 - 8*b**3/3 + 87*b**2. Calculate j(18).
2
Let m = 12 - 6. Let c(s) be the first derivative of s**3/3 - 2*s**2 - s + 20. Give c(m).
11
Let n(o) be the third derivative of -17*o**2 + 0 + 1/8*o**4 + 0*o - 1/3*o**3. Let x(d) = -d - 1. Let q be x(3). Calculate n(q).
-14
Let b(m) be the second derivative of m**4/12 - 2*m**3/3 - 3*m**2/2 - 13*m + 1. Let w(l) = l**2 - 5*l - 3. Let r be w(6). Suppose -c - 10 = -r*c. What is b(c)?
2
Suppose -3*n - 105 = 4*n. Let f = n + 9. Let t(b) = -2*b - 9. Give t(f).
3
Suppose z - 5*z - 7 = -5*g, 0 = -g - z + 5. Let a(x) = 2 - x**g + 18*x + 2*x**3 - 13*x + 8*x**2 - x**2. Determine a(-6).
8
Let s(n) = n**3 - 8*n**2 + 9*n - 9. Let i be s(7). Let w(x) be the first derivative of 0*x**2 + 1/4*x**4 + 30 - 5/3*x**3 - 5*x. What is w(i)?
-5
Let n(o) = o + 15. Let u(l) = 6*l - 251. Let k be u(40). Give n(k).
4
Let g(x) = 52*x**2 - 1 - 28*x**2 - 23*x**2. Let o(l) = -l**3 + 2*l**2 - 2*l + 2. Let u be o(2). Calculate g(u).
3
Let l(t) be the first derivative of t**4/2 + 4*t**3/3 - 7*t**2/2 + 4*t - 30. Let q(c) = -c**3 + c**2 + c - 1. Let u(z) = -l(z) - 3*q(z). Give u(6).
-13
Suppose -99*r = -87*r. Let j(m) = -5*m**2 - 9*m + 22. Let g(p) = -3*p**2 - 5*p + 11. Let i(w) = -7*g(w) + 4*j(w). What is i(r)?
11
Let c(h) be the second derivative of -h**4/12 + h**3/6 - 21*h**2/2 - 37*h - 2. Calculate c(0).
-21
Let a(y) = 17*y**2 - 203*y - 4*y**3 - 18*y**2 + 204*y. What is a(1)?
-4
Let z(u) = -2*u +